90 is divided by 73?
52
Calculate the remainder when 838 is divided by 298.
242
Calculate the remainder when 207498 is divided by 17291.
6
Calculate the remainder when 27223 is divided by 13608.
7
Calculate the remainder when 4278 is divided by 390.
378
What is the remainder when 6101 is divided by 6095?
6
What is the remainder when 37661 is divided by 314?
295
What is the remainder when 96524 is divided by 279?
269
What is the remainder when 542640 is divided by 66?
54
What is the remainder when 21978 is divided by 211?
34
What is the remainder when 122462 is divided by 310?
12
Calculate the remainder when 16440 is divided by 3286.
10
Calculate the remainder when 80415 is divided by 359.
358
Calculate the remainder when 6034 is divided by 138.
100
What is the remainder when 131868 is divided by 5993?
22
What is the remainder when 7226 is divided by 665?
576
Calculate the remainder when 177079 is divided by 9.
4
What is the remainder when 457383 is divided by 770?
3
What is the remainder when 3542 is divided by 292?
38
What is the remainder when 119887 is divided by 190?
187
Calculate the remainder when 8882 is divided by 22.
16
What is the remainder when 1899 is divided by 237?
3
What is the remainder when 1565 is divided by 27?
26
Calculate the remainder when 176721 is divided by 39.
12
What is the remainder when 48161 is divided by 2293?
8
Calculate the remainder when 33874 is divided by 364.
22
Calculate the remainder when 36333 is divided by 644.
269
Calculate the remainder when 19890 is divided by 4757.
862
What is the remainder when 3666014 is divided by 736?
734
What is the remainder when 82663 is divided by 99?
97
What is the remainder when 94013 is divided by 904?
901
What is the remainder when 23811 is divided by 1830?
21
Calculate the remainder when 805437 is divided by 480.
477
Calculate the remainder when 7977059 is divided by 468.
467
Calculate the remainder when 3339 is divided by 171.
90
What is the remainder when 18534 is divided by 9141?
252
What is the remainder when 10506 is divided by 3498?
12
Calculate the remainder when 5948 is divided by 1187.
13
What is the remainder when 1679348 is divided by 501?
497
What is the remainder when 31239 is divided by 10413?
0
Calculate the remainder when 4370 is divided by 202.
128
Calculate the remainder when 303306 is divided by 75821.
22
What is the remainder when 308845 is divided by 77201?
41
Calculate the remainder when 2700 is divided by 118.
104
What is the remainder when 6640 is divided by 8?
0
Calculate the remainder when 22641 is divided by 148.
145
What is the remainder when 854049 is divided by 95?
94
What is the remainder when 256024 is divided by 485?
429
What is the remainder when 4544394 is divided by 394?
392
What is the remainder when 847013 is divided by 938?
937
What is the remainder when 537569 is divided by 10751?
19
What is the remainder when 29100 is divided by 1264?
28
Calculate the remainder when 38184 is divided by 1060.
24
What is the remainder when 1046147 is divided by 686?
683
Calculate the remainder when 29188 is divided by 153.
118
Calculate the remainder when 26605 is divided by 43.
31
What is the remainder when 20708 is divided by 20700?
8
Calculate the remainder when 5756 is divided by 240.
236
Calculate the remainder when 9819 is divided by 4771.
277
What is the remainder when 110548 is divided by 15786?
46
Calculate the remainder when 745 is divided by 107.
103
What is the remainder when 42144 is divided by 4?
0
What is the remainder when 74095 is divided by 95?
90
Calculate the remainder when 111699 is divided by 55841.
17
Calculate the remainder when 13092 is divided by 1007.
1
What is the remainder when 3286349 is divided by 115?
109
What is the remainder when 3013 is divided by 946?
175
What is the remainder when 911194 is divided by 708?
706
Calculate the remainder when 7474 is divided by 3727.
20
Calculate the remainder when 66998 is divided by 1675.
1673
What is the remainder when 181179 is divided by 64?
59
Calculate the remainder when 1591 is divided by 174.
25
Calculate the remainder when 7517 is divided by 538.
523
What is the remainder when 917 is divided by 136?
101
Calculate the remainder when 28197 is divided by 23.
22
What is the remainder when 1743392 is divided by 87?
86
Calculate the remainder when 26834 is divided by 88.
82
Calculate the remainder when 8633 is divided by 125.
8
Calculate the remainder when 166235 is divided by 1196.
1187
What is the remainder when 92 is divided by 44?
4
Calculate the remainder when 11330 is divided by 11317.
13
What is the remainder when 119752 is divided by 39914?
10
Calculate the remainder when 2922 is divided by 129.
84
Calculate the remainder when 486663 is divided by 486650.
13
Calculate the remainder when 3931 is divided by 794.
755
Calculate the remainder when 187539 is divided by 302.
299
What is the remainder when 27615 is divided by 54?
21
What is the remainder when 3436 is divided by 72?
52
What is the remainder when 3531 is divided by 1170?
21
What is the remainder when 8108188 is divided by 115?
113
Calculate the remainder when 4052 is divided by 65.
22
What is the remainder when 843 is divided by 163?
28
Calculate the remainder when 381719 is divided by 11.
8
What is the remainder when 3231 is divided by 1525?
181
What is the remainder when 48072 is divided by 39?
24
Calculate the remainder when 18557 is divided by 1855.
7
Calculate the remainder when 2289621 is divided by 25.
21
Calculate the remainder when 403808 is divided by 53.
1
What is the remainder when 1211 is divided by 405?
401
Calculate the remainder when 57146 is divided by 28564.
18
What is the remainder when 8218 is divided by 1351?
112
Calculate the remainder when 1416499 is divided by 100.
99
What is the remainder when 16194 is divided by 62?
12
Calculate the remainder when 3408259 is divided by 20.
19
What is the remainder when 2285 is divided by 274?
93
Calculate the remainder when 2733 is divided by 195.
3
Calculate the remainder when 3377 is divided by 256.
49
Calculate the remainder when 6006 is divided by 59.
47
What is the remainder when 24912 is divided by 766?
400
What is the remainder when 38652 is divided by 9?
6
Calculate the remainder when 7229 is divided by 98.
75
What is the remainder when 220589 is divided by 6?
5
Calculate the remainder when 46387 is divided by 2208.
19
Calculate the remainder when 69409 is divided by 11529.
235
Calculate the remainder when 22036 is divided by 116.
112
Calculate the remainder when 1485 is divided by 42.
15
What is the remainder when 6260 is divided by 31?
29
What is the remainder when 1766 is divided by 66?
50
What is the remainder when 626 is divided by 345?
281
Calculate the remainder when 3840 is divided by 1848.
144
What is the remainder when 1967 is divided by 1963?
4
What is the remainder when 235794 is divided by 11?
9
What is the remainder when 25491 is divided by 6371?
7
What is the remainder when 1226 is divided by 424?
378
What is the remainder when 20284 is divided by 75?
34
Calculate the remainder when 13904 is divided by 98.
86
Calculate the remainder when 73692 is divided by 6697.
25
Calculate the remainder when 101636 is divided by 242.
238
Calculate the remainder when 5475 is divided by 33.
30
What is the remainder when 8372 is divided by 106?
104
What is the remainder when 2624 is divided by 1296?
32
Calculate the remainder when 12743 is divided by 19.
13
What is the remainder when 354496 is divided by 88617?
28
What is the remainder when 3937 is divided by 1301?
34
What is the remainder when 1635 is divided by 295?
160
What is the remainder when 389249 is divided by 97309?
13
Calculate the remainder when 41088 is divided by 60.
48
Calculate the remainder when 5353 is divided by 23.
17
What is the remainder when 241169 is divided by 877?
871
What is the remainder when 2849 is divided by 2827?
22
Calculate the remainder when 63726 is divided by 28.
26
Calculate the remainder when 5155 is divided by 5106.
49
Calculate the remainder when 19438 is divided by 3884.
18
Calculate the remainder when 2070 is divided by 55.
35
Calculate the remainder when 36175 is divided by 18059.
57
Calculate the remainder when 862 is divided by 831.
31
Calculate the